{"id":1430,"date":"2022-12-28T12:06:04","date_gmt":"2022-12-28T12:06:04","guid":{"rendered":"http:\/\/www.danteluchetti.com\/?page_id=1430"},"modified":"2022-12-28T12:11:02","modified_gmt":"2022-12-28T12:11:02","slug":"mentoring-padel-dante-luchetti","status":"publish","type":"page","link":"http:\/\/www.danteluchetti.com\/?page_id=1430","title":{"rendered":"MENTORING PADEL DANTE LUCHETTI"},"content":{"rendered":"\n\n\n\t<div class='ngg-imagebrowser default-view'\n         id='ngg-imagebrowser-981317043e9f2223784a5316eb384cab-1430'\n         data-nextgen-gallery-id=\"981317043e9f2223784a5316eb384cab\">\n\n        <h3>Mentoring<\/h3>\n\n\t\t<div id=\"ngg-image-0\" class=\"pic\" >\n        \n        <a href='http:\/\/www.danteluchetti.com\/wp-content\/gallery\/mentoring-padel-dante-luchetti\/PicsArt_12-24-10.07.44.jpg'\n           title=' '\n           data-src=\"http:\/\/www.danteluchetti.com\/wp-content\/gallery\/mentoring-padel-dante-luchetti\/PicsArt_12-24-10.07.44.jpg\"\n           data-thumbnail=\"http:\/\/www.danteluchetti.com\/wp-content\/gallery\/mentoring-padel-dante-luchetti\/thumbs\/thumbs_PicsArt_12-24-10.07.44.jpg\"\n           data-image-id=\"110\"\n           data-title=\"Mentoring\"\n           data-description=\" \"\n           class=\"shutterset_981317043e9f2223784a5316eb384cab\">\n            <img title='Mentoring'\n                 alt='Mentoring'\n                 src='http:\/\/www.danteluchetti.com\/wp-content\/gallery\/mentoring-padel-dante-luchetti\/PicsArt_12-24-10.07.44.jpg'\/>\n        <\/a>\n\t    \n        <\/div> \n\n        <div class='ngg-imagebrowser-nav'>\n\n            <div class='back'>\n                <a class='ngg-browser-prev'\n                   id='ngg-prev-110'\n                   href='http:\/\/www.danteluchetti.com\/index.php\/nggallery\/image\/picsart_12-24-10-07-44?page_id=1430'>\n                    <i class=\"fa fa-chevron-left\" aria-hidden=\"true\"><\/i>\n                <\/a>\n            <\/div>\n\n            <div class='next'>\n                <a class='ngg-browser-next'\n                   id='ngg-next-110'\n                   href='http:\/\/www.danteluchetti.com\/index.php\/nggallery\/image\/picsart_12-24-10-07-44?page_id=1430'>\n                    <i class=\"fa fa-chevron-right\" aria-hidden=\"true\"><\/i>\n                <\/a>\n            <\/div>\n\n            <div class='counter'>\n                Image                1                De                1            <\/div>\n\n            <div class='ngg-imagebrowser-desc'>\n                <p> <\/p>\n            <\/div>\n\n        <\/div>\n    <\/div>\n\n\n\n\n\n<p>&#8212;<\/p>\n\n\n\n<p>&nbsp; &nbsp; &nbsp; &nbsp; &nbsp; &nbsp; &nbsp; &nbsp; &nbsp; &nbsp; &nbsp; &nbsp; &nbsp; &nbsp; &nbsp; &nbsp; &nbsp; &nbsp; &nbsp; &nbsp; &nbsp; &nbsp; &nbsp; &nbsp; &nbsp; &nbsp; &nbsp; &nbsp; &nbsp; &nbsp; <strong>MENTORING<\/strong><\/p>\n\n\n\n<p>&nbsp; &nbsp; &nbsp; &nbsp; &nbsp; &nbsp; &nbsp; &nbsp; &nbsp; &nbsp; &nbsp; &nbsp; &nbsp; &nbsp; &nbsp; &nbsp; &nbsp; &nbsp; &nbsp; &nbsp; &nbsp; &nbsp; &nbsp; &nbsp; &nbsp; &nbsp; &nbsp; &nbsp; &nbsp; &nbsp; &nbsp; &nbsp; &nbsp;PADEL<\/p>\n\n\n\n<p>&nbsp; &nbsp; &nbsp; &nbsp; &nbsp; &nbsp; &nbsp; &nbsp; &nbsp; &nbsp; &nbsp; &nbsp; &nbsp; &nbsp; &nbsp; &nbsp; &nbsp; &nbsp; &nbsp; ACOMPA\u00d1AMIENTO Y GU\u00cdA ONLINE<\/p>\n\n\n\n<p>&nbsp;PROGRAMA DE FORMACI\u00d3N Y PERFECCIONAMIENTO DE PADEL<\/p>\n\n\n\n<p>Acompa\u00f1amiento y asesoramiento.<\/p>\n\n\n\n<p>Seguimiento en toda la duraci\u00f3n del curso\/Mentoring&nbsp;<\/p>\n\n\n\n<p>Algunos de los puntos que podemos lograr en la mentor\u00eda:<\/p>\n\n\n\n<p>-motivaci\u00f3n, aprendizaje,<\/p>\n\n\n\n<p>&nbsp;-acelerar el proceso de desarrollo personal y profesional.<\/p>\n\n\n\n<p>-apoyo y consejo para tus objetivos,&nbsp;<\/p>\n\n\n\n<p>-trabajar en lo que te limita y te bloquea.<\/p>\n\n\n\n<p>-fortalecer tu confianza&nbsp;<\/p>\n\n\n\n<p>-mejorar en tu juego<\/p>\n\n\n\n<p>-\u00c9xitos, aciertos.<\/p>\n\n\n\n<p>Nuestro prop\u00f3sito es ense\u00f1arte y guiarte, pero siempre alentarte en tu propio camino de investigaci\u00f3n y desarrollo.<\/p>\n\n\n\n<p>Antes de la decisi\u00f3n de optar por este camino que te mostramos, queremos conocerte un poco, te haremos unas preguntas para que nos cuentes mas sobre ti y tu experiencia,&nbsp;<\/p>\n\n\n\n<p>lo hacemos, para ofrecerte un enfoque m\u00e1s personalizado y poder sacar lo mejor de este curso de p\u00e1del. Enfocarte en lo que quieres lograr.<\/p>\n\n\n\n<p>Si te crea ciertas dudas, te ayudamos a decidirte. Preg\u00fantanos, te asesoraremos lo mejor posible.<\/p>\n\n\n\n<p>Requiere una\u00a0 implicaci\u00f3n al ser un trabajo muy personalizado.<\/p>\n\n\n\n<p>As\u00ed que si te decides aqu\u00ed te explicamos un poco&nbsp;<\/p>\n\n\n\n<p>&nbsp; &nbsp;Este espacio es para ti:&nbsp;&nbsp;<\/p>\n\n\n\n<p>Est\u00e1s en el proceso de formarte como profesor o quieres prepararte para ello?, Quieres innovar, mejorar en tu ense\u00f1anza, reforzar tus pilares para transmitir a tus alumnos, profundizar en la t\u00e9cnica.<\/p>\n\n\n\n<p>\u00bfEmpleas mucho tiempo como jugador amateur? \u00bfQuieres perfeccionar tu juego, mejorar en tus golpes, pasarlo bien jugando partidos y torneos de amigos?<\/p>\n\n\n\n<p>\u00bfEst\u00e1s pensando en prepararte para jugar en un nivel alto? \u00bfQuieres dedicarte profesionalmente y poder llegar a jugar con los mejores?<\/p>\n\n\n\n<p>Te ofrecemos este curso de p\u00e1del para sacarle todo el potencial a tu juego.<\/p>\n\n\n\n<p>&nbsp;Lo que esperamos de ti si decides unirte<\/p>\n\n\n\n<p>Implicaci\u00f3n que conlleva a: sacar tiempo para poder ofrecernos tu disponibilidad, ganas de aprender, iniciativa para comunicarnos cualquier cosa que no te guste de lo que te compartimos y as\u00ed podemos cambiarlo o analizarlo, aprendemos de todo y de todos, que compartas cualquier duda o problema que tengas.&nbsp;<\/p>\n\n\n\n<p>Con todo eso empezaremos para poder lograr una buena conexi\u00f3n entre el mentor y el alumno.<\/p>\n\n\n\n<p>&nbsp; &nbsp; &nbsp; &nbsp; &nbsp; &nbsp; &nbsp; Lo que nosotros te ofrecemos<\/p>\n\n\n\n<p>El mentor ofrece: una ense\u00f1anza, compartiendo su experiencia y conocimientos al alumno y as\u00ed poder sacar lo m\u00e1ximo de cada uno, dependiendo en el punto donde te encuentres , ya seas jugador amateur o avanzado. Trabajaremos sobre una programaci\u00f3n que haremos en base a tus necesidades con una proyecci\u00f3n hacia objetivos a medio\/ largo plazo. A trav\u00e9s del di\u00e1logo y el intercambio de experiencias evolucionamos y aprendemos juntos.&nbsp;<\/p>\n\n\n\n<p>Opciones para elegir, (consultanos).<\/p>\n\n\n\n<p>&nbsp;Ofrecemos varias alternativas<\/p>\n\n\n\n<p>&nbsp;&#8211; Intensivos de un mes.<\/p>\n\n\n\n<p>&#8211; tres semanas&nbsp;<\/p>\n\n\n\n<p>&#8211; una o dos semanas<\/p>\n\n\n\n<p>&#8211; online y presencial<\/p>\n\n\n\n<p>-o quiz\u00e1s, solo quieras elegir una opci\u00f3n.<\/p>\n\n\n\n<p>Tambi\u00e9n dejamos que nos propongas t\u00fa, cuando puedes y buscamos algo que nos ajuste a ambos.<\/p>\n\n\n\n<p>&nbsp;Si form\u00e1is un grupo de dos a cuatro personas m\u00e1ximo.(contactanos,hablamos).<\/p>\n\n\n\n<p>Aqu\u00ed estamos, contactanos por mail\u2026\u2026.<\/p>\n\n\n\n<p>&nbsp;Nos vemos en las pistas de padel.&nbsp;<\/p>\n\n\n\n<p>MENTORING<\/p>\n\n\n\n<p>&nbsp;PADDLE<\/p>\n\n\n\n<p>&nbsp;ACCOMPANIMENT AND ONLINE GUIDE<\/p>\n\n\n\n<p>&nbsp;PADEL TRAINING AND IMPROVEMENT PROGRAM<\/p>\n\n\n\n<p>&nbsp;Accompaniment and advice.<\/p>\n\n\n\n<p>&nbsp;Follow-up throughout the duration of the course\/Mentoring<\/p>\n\n\n\n<p>&nbsp;Some of the points that we can achieve in mentoring:<\/p>\n\n\n\n<p>&nbsp;-motivation, learning,<\/p>\n\n\n\n<p>&nbsp;-Accelerate the process of personal and professional development.<\/p>\n\n\n\n<p>&nbsp;-support and advice for your goals,<\/p>\n\n\n\n<p>&nbsp;&#8211; work on what limits you and blocks you.<\/p>\n\n\n\n<p>&nbsp;-strengthen your confidence<\/p>\n\n\n\n<p>&nbsp;-improve your game<\/p>\n\n\n\n<p>&nbsp;-Successes, hits.<\/p>\n\n\n\n<p>&nbsp;Our purpose is to teach and guide you, but always to encourage you on your own path of research and development.<\/p>\n\n\n\n<p>&nbsp;Before the decision to opt for this path that we show you, we want to get to know you a bit, we will ask you some questions so that you can tell us more about yourself and your experience,<\/p>\n\n\n\n<p>&nbsp;We do it, to offer you a more personalized approach and to be able to get the best out of this paddle tennis course.&nbsp; Focus on what you want to achieve.<\/p>\n\n\n\n<p>&nbsp;If you have certain doubts, we help you decide.&nbsp; Ask us, we will advise you the best possible.<\/p>\n\n\n\n<p>&nbsp;It requires an implication as it is a very personalized job.<\/p>\n\n\n\n<p>&nbsp;So if you decide here we explain a little<\/p>\n\n\n\n<p>&nbsp;This space is for you:<\/p>\n\n\n\n<p>&nbsp;Are you in the process of training as a teacher or do you want to prepare for it? Do you want to innovate, improve your teaching, reinforce your pillars to transmit to your students, deepen the technique.<\/p>\n\n\n\n<p>&nbsp;Do you spend a lot of time as an amateur player?&nbsp; Do you want to improve your game, improve your strokes, have fun playing matches and tournaments with friends?<\/p>\n\n\n\n<p>&nbsp;Are you thinking about preparing to play at a high level?&nbsp; Do you want to dedicate yourself professionally and be able to play with the best?<\/p>\n\n\n\n<p>&nbsp;We offer you this paddle tennis course to get the full potential out of your game.<\/p>\n\n\n\n<p>&nbsp;What we expect from you if you decide to join<\/p>\n\n\n\n<p>&nbsp;Involvement that leads to: taking time to offer us your availability, willingness to learn, initiative to communicate anything you don&#8217;t like about what we share with you so we can change or analyze it, we learn from everything and everyone, that you share any doubt or problem you have<\/p>\n\n\n\n<p>&nbsp;With all that we will start to be able to achieve a good connection between the mentor and the student.<\/p>\n\n\n\n<p>&nbsp;What we offer you<\/p>\n\n\n\n<p>&nbsp;The mentor offers: a teaching, sharing his experience and knowledge with the student and thus being able to get the most out of each one, depending on where you are, whether you are an amateur or an advanced player.&nbsp; We will work on a schedule that we will do based on your needs with a projection towards medium\/long-term objectives.&nbsp; Through dialogue and the exchange of experiences we evolve and learn together.<\/p>\n\n\n\n<p>&nbsp;Options to choose from, (ask us).<\/p>\n\n\n\n<p>&nbsp;We offer several alternatives<\/p>\n\n\n\n<p>&nbsp;&#8211; Intensive one month.<\/p>\n\n\n\n<p>&nbsp;&#8211; three weeks<\/p>\n\n\n\n<p>&nbsp;&#8211; one or two weeks<\/p>\n\n\n\n<p>&nbsp;&#8211; online and face-to-face<\/p>\n\n\n\n<p>&nbsp;-or maybe, you just want to choose one option.<\/p>\n\n\n\n<p>&nbsp;We also let you propose to us, when you can and we look for something that suits both of us.<\/p>\n\n\n\n<p>&nbsp;If you form a group of two to four people maximum. (contact us, we&#8217;ll talk).<\/p>\n\n\n\n<p>&nbsp;Here we are, contact us by mail\u2026\u2026.<\/p>\n\n\n\n<p>&nbsp;See you on the paddle courts.<\/p>\n\n\n\n<p>&nbsp;AND ONLINE ACCOMPANIMENT GUIDE<\/p>\n\n\n\n<p>&nbsp;AND ONLINE GUIDE<\/p>\n\n\n\n<p>Y GU\u00cdA ONLINE ACOMPA\u00d1AMIENTO<\/p>\n\n\n\n<p>Y GU\u00cdA ONLINE<\/p>\n","protected":false},"excerpt":{"rendered":"<p>&#8212; &nbsp; &nbsp; &nbsp; &nbsp; &nbsp; &nbsp; &nbsp; &nbsp; &nbsp; &nbsp; &nbsp; &nbsp; &nbsp; &nbsp; &nbsp; &nbsp; &nbsp; &nbsp; &nbsp; &nbsp; &nbsp; &nbsp; &nbsp; &nbsp; &nbsp; &nbsp; &nbsp; &nbsp; &nbsp; &nbsp; MENTORING &nbsp; &nbsp; &nbsp; &nbsp; &nbsp; &nbsp; &nbsp; &nbsp; &nbsp; &nbsp; &nbsp; &nbsp; &nbsp; &nbsp; &nbsp; &nbsp; &nbsp; &nbsp; &nbsp; &nbsp; &nbsp; &nbsp; &nbsp;&#8230;<\/p>\n","protected":false},"author":2,"featured_media":0,"parent":0,"menu_order":0,"comment_status":"closed","ping_status":"closed","template":"","meta":{"ngg_post_thumbnail":0},"_links":{"self":[{"href":"http:\/\/www.danteluchetti.com\/index.php?rest_route=\/wp\/v2\/pages\/1430"}],"collection":[{"href":"http:\/\/www.danteluchetti.com\/index.php?rest_route=\/wp\/v2\/pages"}],"about":[{"href":"http:\/\/www.danteluchetti.com\/index.php?rest_route=\/wp\/v2\/types\/page"}],"author":[{"embeddable":true,"href":"http:\/\/www.danteluchetti.com\/index.php?rest_route=\/wp\/v2\/users\/2"}],"replies":[{"embeddable":true,"href":"http:\/\/www.danteluchetti.com\/index.php?rest_route=%2Fwp%2Fv2%2Fcomments&post=1430"}],"version-history":[{"count":4,"href":"http:\/\/www.danteluchetti.com\/index.php?rest_route=\/wp\/v2\/pages\/1430\/revisions"}],"predecessor-version":[{"id":1437,"href":"http:\/\/www.danteluchetti.com\/index.php?rest_route=\/wp\/v2\/pages\/1430\/revisions\/1437"}],"wp:attachment":[{"href":"http:\/\/www.danteluchetti.com\/index.php?rest_route=%2Fwp%2Fv2%2Fmedia&parent=1430"}],"curies":[{"name":"wp","href":"https:\/\/api.w.org\/{rel}","templated":true}]}}